- 2. Let a(m) = 9*j(m) - 2*q(m). Does 26 divide a(2)?
True
Suppose -5*x - 5*j = -20, -2*j = 5*x - x - 10. Let u(q) = 4*q**3 + 2*q - 1. Is u(x) a multiple of 3?
False
Suppose -2*y = 4*j - 58, 4*y - 2*y + 2*j = 62. Is y a multiple of 3?
True
Let i = 11 + -8. Suppose 55 = i*k + 1. Is 18 a factor of k?
True
Let s(o) = -o**3 - 3*o**2 + 4*o + 4. Let v be s(-4). Suppose 3*a - 32 - v = 0. Is 6/2*(a + -8) a multiple of 12?
True
Suppose -h - 3*f + 5 = 2*f, -2*f = -h + 5. Let u = h - 2. Suppose -r + 4*r = 4*y - 51, -u*y = 4*r - 57. Is 5 a factor of y?
True
Let k = 29 + -21. Let z = 2 + k. Does 10 divide z?
True
Let j(d) = -d**3 + 7*d**2 + 8*d + 5. Let x(g) = 7*g**2 - 3*g - 2. Let q be x(3). Suppose 12 = -5*v + q. Is j(v) a multiple of 3?
False
Suppose z - 2*z = 3*y - 71, -z + 65 = -3*y. Suppose -z - 154 = 2*n. Is (-1)/(3/n) - 1 a multiple of 16?
False
Suppose 3*c + 16 - 43 = 0. Let y = -12 - -8. Let n = c + y. Is n a multiple of 4?
False
Let v = -790 - -1145. Is 24 a factor of v?
False
Suppose -y - 351 = -4*y. Is 25 a factor of y?
False
Is 2 a factor of (-136)/(-32) + (-1)/4?
True
Suppose -5*q - 82 = -3*q. Let l = q + 71. Is l a multiple of 17?
False
Let h(z) = 6*z**2 + 4*z - 10. Is 30 a factor of h(-5)?
True
Let l be (-2)/4 + (-7)/(-2). Suppose l*b = -4*q + 27, -3*q + 33 = 2*q + 4*b. Is 5 a factor of q?
False
Let a(h) = 3*h**3 + h**2 - 4*h - 1. Suppose -5*d + 2*g - 2 = 9, -4*g = 8. Let l be a(d). Let q = -37 - l. Is 12 a factor of q?
True
Let d(p) be the first derivative of -2*p**2 - 6*p + 2. Suppose -3*r - 11 - 19 = 0. Is 11 a factor of d(r)?
False
Let p(j) = 3 - 5*j + 2 + 4*j - 6. Let d be p(-6). Suppose 5*v - 4*o = 205, -d*o = 5*v - 3*o - 175. Is v a multiple of 21?
False
Let s(w) = -2*w**3 + 3*w**2 - 3*w. Let h be s(4). Let q = -46 - h. Let u = 99 - q. Does 18 divide u?
False
Let s be -2 + 2 + (-3 - -5). Suppose -s*b + 145 = -21. Is b a multiple of 23?
False
Let g be ((-4)/8)/(3/210). Is 4 + 6/((-6)/g) a multiple of 13?
True
Let v = 20 - -2. Is v a multiple of 22?
True
Suppose 5*v = 5*p + 175, -v - 5*p - 95 = -4*v. Suppose 2*y + 3*w - 88 = -w, y - v = -w. Is y a multiple of 9?
True
Let m be ((-4)/10)/(9/(-45)). Does 3 divide 15/m*(-56)/(-21)?
False
Let t = 151 - 99. Is 13 a factor of t?
True
Let j(q) = -4*q - 11. Is j(-9) a multiple of 25?
True
Let i(y) be the first derivative of y**5/20 - y**4/12 - y**3/3 - 1. Let p(o) be the third derivative of i(o). Is p(4) a multiple of 11?
True
Let s = -14 - -5. Is 4 a factor of (-93)/s + 4/6?
False
Suppose 0 = -t + 12 - 3. Is 4 a factor of t?
False
Let o be ((-5)/10)/((-2)/16). Suppose -2*g + 2*t = -34, o*t + 5 = -g + 12. Is g a multiple of 15?
True
Let v = 41 + -20. Is 7 a factor of v?
True
Let b be 38 + (-3 - -1)/1. Suppose -4*k - b = -7*k. Is 12 a factor of k?
True
Suppose 2*x - 13 = 49. Is x a multiple of 17?
False
Let o = -51 + 36. Let a = 38 + o. Is 16 a factor of a?
False
Suppose 5*g - 4*g = 2*w + 37, 0 = -3*g + 3*w + 126. Is 15 a factor of g?
False
Let a be 2 - -1*1410/(-3). Does 24 divide a/(-5) + 9/(-15)?
False
Suppose -189 = -i - 2*i. Is 14 a factor of i?
False
Let r = 42 - 106. Let g = r - -98. Is g a multiple of 15?
False
Let t(y) be the third derivative of 5/6*y**3 + 0 - 2*y**2 + 1/24*y**4 + 0*y. Is 2 a factor of t(0)?
False
Suppose -92 = -n - 3*n. Is 23 a factor of n?
True
Let l(h) = h**2 - 5*h + 5. Suppose q = 4*q - 9. Suppose 2*x = x - 5*a + 11, -q*x + 19 = a. Does 9 divide l(x)?
False
Let c = -18 - -32. Is 7 a factor of c?
True
Let i = 0 - -2. Is 2 a factor of i?
True
Suppose 0 = -4*a + 87 + 81. Does 14 divide a?
True
Let t be (-3 - 0)*(-2 + 1). Does 13 divide (16/(-20))/(t/(-120))?
False
Let j be 0*1/2 - 6. Let y = -1 - j. Is 3 a factor of y?
False
Let i(v) = -11*v + 48. Is i(-5) a multiple of 16?
False
Suppose -4*c + 96 + 44 = b, 0 = c + 4*b - 35. Does 7 divide c?
True
Is 3/(-6)*(2 + 976)/(-3) a multiple of 22?
False
Suppose 0 = -5*i + h + 2*h + 381, i - 81 = 3*h. Does 25 divide i?
True
Let o = -11 + 13. Is ((o - 1) + -19)/(-1) a multiple of 6?
True
Let o(v) = v**2 + 4*v + 3. Let h be o(-3). Suppose h*m + 44 = 4*m. Is m a multiple of 11?
True
Suppose -40 = -2*y + 38. Does 16 divide y?
False
Let n(w) = -w**3 + 24*w**2 + 34*w + 25. Does 10 divide n(25)?
True
Suppose f - 4*b + 17 = 0, 0 = 3*f - 3*b - 0*b + 6. Suppose 38 - 3 = 5*n. Suppose -2*m + n = f. Does 2 divide m?
True
Suppose -10*v - 200 = -14*v. Is v a multiple of 28?
False
Let v(s) = -22*s**2 + 1. Let p be (2 - 1)/(2 - 1). Let l be v(p). Let w = -8 - l. Is 8 a factor of w?
False
Suppose -t = -15 - 13. Is t a multiple of 14?
True
Let d(o) = o**2 - 10*o - 1. Let a be d(10). Let n(z) = -19*z**2 + z. Let f be n(a). Let s = 38 + f. Is s a multiple of 6?
True
Is 16 a factor of (-2)/5*(6 + -1) + 138?
False
Suppose -l - 40 + 132 = 0. Is 47 a factor of l?
False
Let t(i) = -4*i - 3. Let n be t(3). Let f = n - -31. Is 16 a factor of f?
True
Let c be (2/4)/(1/6). Suppose q - 90 = -c*d, 3 + 219 = 3*q - 3*d. Does 14 divide q?
False
Let l be (2 - -2)/((-4)/(-6)). Suppose 4*n + 26 = -4*a + l*a, -a = -4*n - 13. Suppose 2*c + 5*w - a = c, -15 = -2*c + w. Is c a multiple of 8?
True
Let c(j) = 7*j**2 + j. Let f be c(-1). Suppose -f*q = -2*q - 104. Is 6 a factor of q?
False
Let t be 2 + 0 + (7 - 6). Let g(c) = 14*c**2 + c + 3. Let l be g(-3). Suppose 24 + l = t*h. Does 13 divide h?
False
Suppose -164 = -2*b - 2*b. Suppose t = -2*y + b, y = 2*y - 5*t - 4. Is 7 a factor of y?
False
Suppose -4*v + 198 = 2*f, -v + 4 = 3. Is 20 a factor of f?
False
Let s(w) be the third derivative of w**7/2520 - w**6/240 + w**5/60 + w**4/24 - w**2. Let m(x) be the second derivative of s(x). Is 15 a factor of m(-4)?
True
Let f(d) = 7*d + 384. Does 49 divide f(0)?
False
Suppose 4 = -3*f + 13. Let q = 115 - 113. Suppose 2*m + 146 = f*v, -5*v - q*m = -v - 176. Does 18 divide v?
False
Suppose 0 = -4*o - 15*o + 5700. Does 31 divide o?
False
Let i = -5 - -10. Suppose 450 = i*g + 45. Does 33 divide g?
False
Let n(i) = -7*i + 5. Let c(w) = -3*w + 11. Let g be c(6). Is 18 a factor of n(g)?
True
Let g be 6/21 + 2/(-7). Suppose 4*s = -g*s + 40. Does 3 divide s?
False
Let i = 0 - -9. Let v = -1 + 4. Suppose -o + 25 = 2*n, o - i = -v*n + 29. Is n a multiple of 13?
True
Suppose -23 = -5*c - 8, 3*c = -5*q + 39. Let d = -9 + q. Let y = 9 - d. Does 12 divide y?
True
Let a(d) = -d**2 + 4. Let o(m) = 2*m**2 + m - 4. Let k(c) = 3*a(c) + 2*o(c). Does 13 divide k(-7)?
True
Suppose -4*p = -2*f - 682, 0 = -5*p - 3*f - 0*f + 836. Is 13 a factor of p?
True
Let p(q) = 56*q**2 - 2*q + 1. Is 26 a factor of p(1)?
False
Let o = -26 + 16. Let z = -2 - o. Suppose -4*h - 44 = -z*h. Is 3 a factor of h?
False
Let n(t) = t**2 + 12*t - 8. Let h be n(-14). Let z = 26 - h. Is z a multiple of 4?
False
Suppose 6*w - 32 = 2*w. Does 2 divide w?
True
Suppose 4*q - 9*q = -140. Is 14 a factor of q?
True
Suppose 2*y + 4*q = -6 + 22, -3*y - 20 = -5*q. Is (36 + y)/(2/4) a multiple of 25?
False
Suppose 0 = 2*d - 19 + 1. Let n be 3/d*(0 - 3). Is (15*-1)/(n - 0) a multiple of 15?
True
Let y(h) = h**2 - 10*h. Is 7 a factor of y(14)?
True
Let d = 26 + 118. Is 18 a factor of d?
True
Suppose 20 = -4*i - 5*r, 0*i + 3*r = -2*i - 12. Let t = i + 5. Is t a multiple of 4?
False
Suppose 2*k + 5*k - 112 = 0. Does 7 divide k?
False
Let w(y) = -37*y + 28. Is w(-4) a multiple of 44?
True
Let b = -44 + 65. Is b a multiple of 7?
True
Let d = 8 - 7. Let j be 6/15*(-5 - 0). Does 11 divide -2*(11/j)/d?
True
Let f = 12 + -8. Suppose -5*s - 56 = -2*i - 21, -f*s = 4*i - 84. Is 8 a factor of i?
False
Let k be -6*1*1/(-2). Suppose 6*q - 18 = k*q. Does 3 divide q?
True
Let y(l) = 2*l**2 + 9*l. Let a be -2*1 - (-24)/(-6). Is 16 a factor of y(a)?
False
Let s(q) = -q**3 + 7*q**2 - 7*q + 9. Let o be s(6). Let r = 11 + o. Is 14 a factor of r?
True
Let p(n) = -n**3 - 4*n**2 + 6*n + 1. Let z be p(-5). Let b(m) = m**3 + 5*m**2 + 4*m + 3. Let l be b(z). Suppose 0 = -l*h + 6*h - 42. Is h a multiple of 6?
False
Is 14 a factor of 94*((-10)/4 - -3)?
False
Let p(b) = -b**2 - 13*b + 4. Let y be p(-13). Suppose -4*v - y*z = -192, -90 = -4*v - z + 96. Is v a multiple of 12?
False
Suppose 2*n - 20 = -3*n. Does 31 divide 113 - n*(-1)/(-2)?
False
Let r(k) = k**2 - 3*k - 2. Let t be r(3). Let h = t - -9. Is h/(-3 + 2 - -2) a multiple of 5?
False
Let d(w) = -3*w**2 - w + 